{"id":737,"date":"2018-08-31T14:20:32","date_gmt":"2018-08-31T17:20:32","guid":{"rendered":"https:\/\/pslvav-sal.infd.edu.ar\/sitio\/tecnicatura-superior-en-gestion-ambiental\/"},"modified":"2024-06-03T21:05:14","modified_gmt":"2024-06-04T00:05:14","slug":"tecnicatura-superior-en-gestion-ambiental","status":"publish","type":"page","link":"https:\/\/pslvav-sal.infd.edu.ar\/sitio\/tecnicatura-superior-en-gestion-ambiental\/","title":{"rendered":"Tecnicatura Superior en Gesti\u00f3n Ambiental"},"content":{"rendered":"<p>Los cambios tecnol\u00f3gicos y sociales han generado alteraciones en el equilibrio entre las sociedades y la naturaleza afectando nuestro habitad, es ah\u00ed cuando surge la necesidad de especializar en lo referido a Gesti\u00f3n Ambiental, para mejorar la calidad de vida, la preservaci\u00f3n de los recursos naturales y el medio ambiente, a trav\u00e9s de la Educaci\u00f3n, procurando como objetivo la protecci\u00f3n del medio ambiente respecto a la salud y la vida.<\/p>\n<p style=\"text-align: center;\"><img decoding=\"async\" src=\"https:\/\/pslvav-sal.infd.edu.ar\/sitio\/wp-content\/uploads\/2018\/08\/gest1.jpg\" border=\"0\" \/><\/p>\n<p style=\"text-align: center;\"><span style=\"text-decoration: underline;\">Plan de Estudio<\/span><\/p>\n<p>Nivel: Superior<\/p>\n<p>Duraci\u00f3n: 3 (tres) a\u00f1os<\/p>\n<p>Modalidad: Presencial<\/p>\n<p>\u00a0<\/p>\n<p>1\u00ba A\u00f1o<\/p>\n<p>Comprensi\u00f3n de textos\u00a0\u00a0\u00a0\u00a0\u00a0\u00a0\u00a0\u00a0\u00a0 \u00a0\u00a0\u00a0\u00a0 Qu\u00edmica Inorg\u00e1nica<\/p>\n<p>Sociolog\u00eda\u00a0\u00a0\u00a0\u00a0\u00a0\u00a0\u00a0\u00a0\u00a0\u00a0\u00a0\u00a0\u00a0\u00a0\u00a0\u00a0\u00a0\u00a0\u00a0\u00a0\u00a0\u00a0\u00a0\u00a0\u00a0\u00a0\u00a0\u00a0\u00a0 \u00a0\u00a0\u00a0\u00a0 F\u00edsica II<\/p>\n<p>Matem\u00e1tica\u00a0\u00a0\u00a0\u00a0\u00a0\u00a0\u00a0\u00a0\u00a0\u00a0\u00a0\u00a0\u00a0\u00a0\u00a0\u00a0\u00a0\u00a0\u00a0\u00a0\u00a0\u00a0\u00a0\u00a0\u00a0\u00a0 \u00a0\u00a0\u00a0 Operaciones Unitarias<\/p>\n<p>Qu\u00edmica General \u00a0 \u00a0 \u00a0 \u00a0 \u00a0 \u00a0 \u00a0 \u00a0 \u00a0 \u00a0 \u00a0 \u00a0Derecho y Legislaci\u00f3n<\/p>\n<p>F\u00edsica I \u00a0 \u00a0 \u00a0 \u00a0 \u00a0 \u00a0 \u00a0 \u00a0 \u00a0 \u00a0 \u00a0 \u00a0 \u00a0 \u00a0 \u00a0 \u00a0 \u00a0 \u00a0 \u00a0ambiental I<\/p>\n<p>Biolog\u00eda \u00a0 \u00a0 \u00a0 \u00a0 \u00a0 \u00a0 \u00a0 \u00a0 \u00a0 \u00a0 \u00a0 \u00a0 \u00a0 \u00a0 \u00a0 \u00a0 \u00a0 \u00a0 Pr\u00e1ctica Profesional I<\/p>\n<p>Geograf\u00eda<\/p>\n<p>\u00a0<\/p>\n<p>2\u00ba A\u00f1o<\/p>\n<p>Calidad, higienes y seguridad \u00a0 \u00a0 \u00a0 \u00a0 \u00a0 \u00a0Toxicolog\u00eda<\/p>\n<p>en el trabajo \u00a0 \u00a0 \u00a0 \u00a0 \u00a0 \u00a0 \u00a0 \u00a0 \u00a0 \u00a0 \u00a0 \u00a0 \u00a0 \u00a0 \u00a0 \u00a0 \u00a0 \u00a0 Derecho y Legislaci\u00f3n<\/p>\n<p>Microbiolog\u00eda General \u00a0 \u00a0 \u00a0 \u00a0 \u00a0 \u00a0 \u00a0 \u00a0 \u00a0 \u00a0 \u00a0 \u00a0Ambiental II<\/p>\n<p>Qu\u00edmica Org\u00e1nica \u00a0 \u00a0 \u00a0 \u00a0 \u00a0 \u00a0 \u00a0 \u00a0 \u00a0 \u00a0 \u00a0 \u00a0 \u00a0 \u00a0 \u00a0Ecolog\u00eda<\/p>\n<p>Servicios Auxiliares \u00a0 \u00a0 \u00a0 \u00a0 \u00a0 \u00a0 \u00a0 \u00a0 \u00a0 \u00a0 \u00a0 \u00a0 \u00a0 Recursos Naturales y<\/p>\n<p>Qu\u00edmica Instrumental \u00a0 \u00a0 \u00a0 \u00a0 \u00a0 \u00a0 \u00a0 \u00a0 \u00a0 \u00a0 \u00a0 \u00a0tecnol\u00f3gicos<\/p>\n<p>Estad\u00edsticas y costos \u00a0 \u00a0 \u00a0 \u00a0 \u00a0 \u00a0 \u00a0 \u00a0 \u00a0 \u00a0 \u00a0 \u00a0 Pr\u00e1ctica Profesional II<\/p>\n<p>Problem\u00e1tica Ambiental<\/p>\n<p>\u00a0<\/p>\n<p>3\u00ba A\u00f1o<\/p>\n<p>Ingl\u00e9s\u00a0\u00a0\u00a0\u00a0\u00a0\u00a0\u00a0\u00a0\u00a0\u00a0\u00a0\u00a0\u00a0\u00a0\u00a0\u00a0\u00a0\u00a0\u00a0\u00a0\u00a0\u00a0\u00a0\u00a0\u00a0\u00a0\u00a0\u00a0\u00a0\u00a0\u00a0\u00a0\u00a0\u00a0\u00a0\u00a0 \u00a0\u00a0\u00a0 Auditor\u00eda Ambiental<\/p>\n<p>Inform\u00e1tica Aplicada \u00a0 \u00a0 \u00a0 \u00a0 \u00a0 \u00a0 \u00a0 \u00a0 \u00a0 Ecolog\u00eda Urbana<\/p>\n<p>\u00c9tica Profesional \u00a0 \u00a0 \u00a0 \u00a0 \u00a0 \u00a0 \u00a0 \u00a0 \u00a0 \u00a0 \u00a0 \u00a0 Impacto Ambiental<\/p>\n<p>Estudio de los Ecosistemas \u00a0 \u00a0 \u00a0 \u00a0 \u00a0Desarrollo Sustentable<\/p>\n<p>Contaminaci\u00f3n del agua, aire \u00a0 \u00a0 \u00a0Pr\u00e1ctica Profesional III<\/p>\n<p>y suelo<\/p>\n<p>Gesti\u00f3n Ambiental<\/p>\n<p>\u00a0<\/p>\n<p><a href=\"https:\/\/drive.google.com\/file\/d\/1LshZVlX37rTuiESXZ1rzQRyI13HOEwwr\/view?usp=sharing\">PLAN DE ESTUDIO TEC. GESTION AMBIENTAL<\/a><\/p>\n<p><a href=\"https:\/\/drive.google.com\/drive\/folders\/1vq8Rr4HCjSk5-oK1TbZq80atsZw5ppuN\">PROGRAMAS 2024<\/a><\/p>\n<p><a href=\"https:\/\/drive.google.com\/drive\/folders\/1YTO8a_vRpIrxgpOVa7XfOl-KA31nS2ST?usp=sharing\">PROGRAMAS GESTION AMBIENTAL 2020<\/a><\/p>\n<p style=\"text-align: left;\"><a href=\"https:\/\/drive.google.com\/drive\/folders\/1SSbsK-uO4tbJnLZhYuuLL8G90-gPnmCE?usp=sharing\">PROGRAMAS GESTION AMBIENTAL 2021<\/a><\/p>\n<p><a href=\"https:\/\/drive.google.com\/drive\/folders\/1_9-iM3cxu8t3mxDvALdJ73nqNzOzCVEE?usp=sharing\">PROGRAMAS GESTION AMBIENTAL 1\u00b0 CUATRIMESTRE 2022<\/a><\/p>\n\n\n<p><a href=\"https:\/\/drive.google.com\/drive\/folders\/1SEQQ6ey2P9CmnCmLZFIWWLAeAiNEUJK7\">PROGRAMAS TSGA 2022<\/a><\/p>\n\n\n\n<p><\/p>\n","protected":false},"excerpt":{"rendered":"<p>Los cambios tecnol\u00f3gicos y sociales han generado alteraciones en el equilibrio entre las sociedades y la naturaleza afectando nuestro habitad, es ah\u00ed cuando surge la necesidad de especializar en lo referido a Gesti\u00f3n Ambiental, para mejorar la calidad de vida, la preservaci\u00f3n de los recursos naturales y el medio ambiente, a trav\u00e9s de la Educaci\u00f3n, &#8230; <a title=\"Tecnicatura Superior en Gesti\u00f3n Ambiental\" class=\"read-more\" href=\"https:\/\/pslvav-sal.infd.edu.ar\/sitio\/tecnicatura-superior-en-gestion-ambiental\/\" aria-label=\"More on Tecnicatura Superior en Gesti\u00f3n Ambiental\">[+]<\/a><\/p>\n","protected":false},"author":178,"featured_media":0,"parent":0,"menu_order":0,"comment_status":"closed","ping_status":"closed","template":"","meta":[],"acf":[],"_links":{"self":[{"href":"https:\/\/pslvav-sal.infd.edu.ar\/sitio\/wp-json\/wp\/v2\/pages\/737"}],"collection":[{"href":"https:\/\/pslvav-sal.infd.edu.ar\/sitio\/wp-json\/wp\/v2\/pages"}],"about":[{"href":"https:\/\/pslvav-sal.infd.edu.ar\/sitio\/wp-json\/wp\/v2\/types\/page"}],"author":[{"embeddable":true,"href":"https:\/\/pslvav-sal.infd.edu.ar\/sitio\/wp-json\/wp\/v2\/users\/178"}],"replies":[{"embeddable":true,"href":"https:\/\/pslvav-sal.infd.edu.ar\/sitio\/wp-json\/wp\/v2\/comments?post=737"}],"version-history":[{"count":5,"href":"https:\/\/pslvav-sal.infd.edu.ar\/sitio\/wp-json\/wp\/v2\/pages\/737\/revisions"}],"predecessor-version":[{"id":1438,"href":"https:\/\/pslvav-sal.infd.edu.ar\/sitio\/wp-json\/wp\/v2\/pages\/737\/revisions\/1438"}],"wp:attachment":[{"href":"https:\/\/pslvav-sal.infd.edu.ar\/sitio\/wp-json\/wp\/v2\/media?parent=737"}],"curies":[{"name":"wp","href":"https:\/\/api.w.org\/{rel}","templated":true}]}}