{"id":733,"date":"2018-08-31T14:20:30","date_gmt":"2018-08-31T17:20:30","guid":{"rendered":"https:\/\/pslvav-sal.infd.edu.ar\/sitio\/profesorado-de-lengua-y-literatura\/"},"modified":"2023-11-21T19:48:53","modified_gmt":"2023-11-21T22:48:53","slug":"profesorado-de-lengua-y-literatura","status":"publish","type":"page","link":"https:\/\/pslvav-sal.infd.edu.ar\/sitio\/profesorado-de-lengua-y-literatura\/","title":{"rendered":"Profesorado de Lengua y Literatura"},"content":{"rendered":"<p><span style=\"text-decoration: underline;\">Espacios Curriculares<\/span><\/p>\n<p><strong>Comprensi\u00f3n y producci\u00f3n de textos<\/strong>, para superar las propias dificultades en la escucha, el habla, la lectura y la escritura.<\/p>\n<p><strong>Gram\u00e1tica<\/strong>, para tomar conciencia del funcionamiento de la lengua y explorar todas sus posibilidades.<\/p>\n<p><strong>Literatura cl\u00e1sica, espa\u00f1ola, latinoamericana y argentina<\/strong>, para el placer d pensar las relaciones con el mundo, con los otros y consigo mismo.<\/p>\n<p><strong>Psicolog\u00eda y cultura del alumno<\/strong>, para tomar las decisiones de la ense\u00f1anza teniendo en cuenta al destinatarios de las acciones.<\/p>\n<p><strong>Did\u00e1ctica general y de la lengua<\/strong>, para afrontar la tarea de ense\u00f1ar con profesionalidad e intervenir con el prop\u00f3sito de mejorar.<\/p>\n<p><img decoding=\"async\" style=\"display: block; margin-left: auto; margin-right: auto;\" src=\"https:\/\/pslvav-sal.infd.edu.ar\/sitio\/wp-content\/uploads\/2018\/08\/leng1.jpg\" border=\"0\"><\/p>\n<p><span style=\"text-decoration: underline;\">Objetivos<\/span><\/p>\n<p>Formar docentes de Lengua Castellana comprometidos con la tarea que realizan, con capacidad de inserci\u00f3n y desempe\u00f1o en una sociedad democr\u00e1tica y pluralista.<\/p>\n<p>Favorecer el desarrollo de estrategias para lograr una creciente autonom\u00eda en el aprendizaje.<\/p>\n<p>Promover la adquisici\u00f3n de una s\u00f3lida y actualizada formaci\u00f3n en tecnolog\u00edas aplicadas a su \u00e1mbito de desempe\u00f1o.<\/p>\n<p>Propiciar el trabajo en equipo para el desarrollo de la propia profesionalidad.<\/p>\n<p><img decoding=\"async\" style=\"display: block; margin-left: auto; margin-right: auto;\" title=\"Logo de la Instituci\u00f3n\" src=\"https:\/\/pslvav-sal.infd.edu.ar\/sitio\/wp-content\/uploads\/2018\/08\/logo.jpg\" alt=\"Logo de la Instituci\u00f3n\" border=\"0\"><\/p>\n<h5>&nbsp;<\/h5>\n<p><a href=\"https:\/\/drive.google.com\/file\/d\/1UvaORfMN7DWVuufoy3MkHPSEPSIb7aOQ\/view?usp=sharing\">PLAN DE ESTUDIO DE LENGUA Y LITERATURA<\/a><\/p>\n<p><a href=\"https:\/\/drive.google.com\/drive\/folders\/1MoPXU3IUIdyKKLFOI-XDGUDFUC_7v8mB?usp=sharing\">PROGRAMAS LENGUA Y LITERATURA 2020<\/a><\/p>\n<p><a href=\"https:\/\/drive.google.com\/drive\/folders\/1kxQ3yPJM_gKyyZe4i6Q6pfI2Ln5wzMV2?usp=sharing\">PROGRAMAS LENGUA 6040 &#8211; 2022<\/a><\/p>\n<h2><a href=\"https:\/\/drive.google.com\/drive\/folders\/1cEBdUHpyl1EuA1BJapyQgiA7kRqgYMo7?usp=drive_link\">PROGRAMAS DE LENGUA Y LITERATURA 2023<\/a><\/h2>\n\n\n<p><\/p>\n","protected":false},"excerpt":{"rendered":"<p>Espacios Curriculares Comprensi\u00f3n y producci\u00f3n de textos, para superar las propias dificultades en la escucha, el habla, la lectura y la escritura. Gram\u00e1tica, para tomar conciencia del funcionamiento de la lengua y explorar todas sus posibilidades. Literatura cl\u00e1sica, espa\u00f1ola, latinoamericana y argentina, para el placer d pensar las relaciones con el mundo, con los otros &#8230; <a title=\"Profesorado de Lengua y Literatura\" class=\"read-more\" href=\"https:\/\/pslvav-sal.infd.edu.ar\/sitio\/profesorado-de-lengua-y-literatura\/\" aria-label=\"More on Profesorado de Lengua y Literatura\">[+]<\/a><\/p>\n","protected":false},"author":178,"featured_media":0,"parent":0,"menu_order":0,"comment_status":"closed","ping_status":"closed","template":"","meta":[],"acf":[],"_links":{"self":[{"href":"https:\/\/pslvav-sal.infd.edu.ar\/sitio\/wp-json\/wp\/v2\/pages\/733"}],"collection":[{"href":"https:\/\/pslvav-sal.infd.edu.ar\/sitio\/wp-json\/wp\/v2\/pages"}],"about":[{"href":"https:\/\/pslvav-sal.infd.edu.ar\/sitio\/wp-json\/wp\/v2\/types\/page"}],"author":[{"embeddable":true,"href":"https:\/\/pslvav-sal.infd.edu.ar\/sitio\/wp-json\/wp\/v2\/users\/178"}],"replies":[{"embeddable":true,"href":"https:\/\/pslvav-sal.infd.edu.ar\/sitio\/wp-json\/wp\/v2\/comments?post=733"}],"version-history":[{"count":5,"href":"https:\/\/pslvav-sal.infd.edu.ar\/sitio\/wp-json\/wp\/v2\/pages\/733\/revisions"}],"predecessor-version":[{"id":1335,"href":"https:\/\/pslvav-sal.infd.edu.ar\/sitio\/wp-json\/wp\/v2\/pages\/733\/revisions\/1335"}],"wp:attachment":[{"href":"https:\/\/pslvav-sal.infd.edu.ar\/sitio\/wp-json\/wp\/v2\/media?parent=733"}],"curies":[{"name":"wp","href":"https:\/\/api.w.org\/{rel}","templated":true}]}}

<p><span style="text-decoration: underline;">Espacios Curriculares</span></p>
<p><strong>Comprensión y producción de textos</strong>, para superar las propias dificultades en la escucha, el habla, la lectura y la escritura.</p>
<p><strong>Gramática</strong>, para tomar conciencia del funcionamiento de la lengua y explorar todas sus posibilidades.</p>
<p><strong>Literatura clásica, española, latinoamericana y argentina</strong>, para el placer d pensar las relaciones con el mundo, con los otros y consigo mismo.</p>
<p><strong>Psicología y cultura del alumno</strong>, para tomar las decisiones de la enseñanza teniendo en cuenta al destinatarios de las acciones.</p>
<p><strong>Didáctica general y de la lengua</strong>, para afrontar la tarea de enseñar con profesionalidad e intervenir con el propósito de mejorar.</p>
<p><img decoding="async" style="display: block; margin-left: auto; margin-right: auto;" src="https://pslvav-sal.infd.edu.ar/sitio/wp-content/uploads/2018/08/leng1.jpg" border="0"></p>
<p><span style="text-decoration: underline;">Objetivos</span></p>
<p>Formar docentes de Lengua Castellana comprometidos con la tarea que realizan, con capacidad de inserción y desempeño en una sociedad democrática y pluralista.</p>
<p>Favorecer el desarrollo de estrategias para lograr una creciente autonomía en el aprendizaje.</p>
<p>Promover la adquisición de una sólida y actualizada formación en tecnologías aplicadas a su ámbito de desempeño.</p>
<p>Propiciar el trabajo en equipo para el desarrollo de la propia profesionalidad.</p>
<p><img decoding="async" style="display: block; margin-left: auto; margin-right: auto;" title="Logo de la Institución" src="https://pslvav-sal.infd.edu.ar/sitio/wp-content/uploads/2018/08/logo.jpg" alt="Logo de la Institución" border="0"></p>
<h5>&nbsp;</h5>
<p><a href="https://drive.google.com/file/d/1UvaORfMN7DWVuufoy3MkHPSEPSIb7aOQ/view?usp=sharing">PLAN DE ESTUDIO DE LENGUA Y LITERATURA</a></p>
<p><a href="https://drive.google.com/drive/folders/1MoPXU3IUIdyKKLFOI-XDGUDFUC_7v8mB?usp=sharing">PROGRAMAS LENGUA Y LITERATURA 2020</a></p>
<p><a href="https://drive.google.com/drive/folders/1kxQ3yPJM_gKyyZe4i6Q6pfI2Ln5wzMV2?usp=sharing">PROGRAMAS LENGUA 6040 &#8211; 2022</a></p>
<h2><a href="https://drive.google.com/drive/folders/1cEBdUHpyl1EuA1BJapyQgiA7kRqgYMo7?usp=drive_link">PROGRAMAS DE LENGUA Y LITERATURA 2023</a></h2>


<p></p>

<p>Espacios Curriculares Comprensión y producción de textos, para superar las propias dificultades en la escucha, el habla, la lectura y la escritura. Gramática, para tomar conciencia del funcionamiento de la lengua y explorar todas sus posibilidades. Literatura clásica, española, latinoamericana y argentina, para el placer d pensar las relaciones con el mundo, con los otros &#8230; <a title="Profesorado de Lengua y Literatura" class="read-more" href="https://pslvav-sal.infd.edu.ar/sitio/profesorado-de-lengua-y-literatura/" aria-label="More on Profesorado de Lengua y Literatura">[+]</a></p>
